{"id":65,"date":"2017-04-06T14:05:21","date_gmt":"2017-04-06T11:05:21","guid":{"rendered":"http:\/\/http:\/\/http:\/\/http:\/\/deine-fahrschule-im-vest.de\/?page_id=65"},"modified":"2024-10-15T09:12:59","modified_gmt":"2024-10-15T09:12:59","slug":"about-us","status":"publish","type":"page","link":"https:\/\/fahrschule-komossa.com\/?page_id=65","title":{"rendered":"Alle Klassen im Blick"},"content":{"rendered":"<p>Im Dschungel der F\u00fchrerscheinklassen kann man sich schonmal verirren, nicht wahr? Zum Gl\u00fcck gibt es uns! Wir sagen dir, welche Klasse du wann und wie erwerben kannst. Unten aufgef\u00fchrt erh\u00e4lst du einen \u00dcberblick mit den wichtigsten Eckdaten.<\/p>\n","protected":false},"excerpt":{"rendered":"<p>Im Dschungel der F\u00fchrerscheinklassen kann man sich schonmal verirren, nicht wahr? Zum Gl\u00fcck gibt es uns! Wir sagen dir, welche Klasse du wann und wie erwerben kannst. Unten aufgef\u00fchrt erh\u00e4lst du einen \u00dcberblick mit den wichtigsten Eckdaten.<\/p>\n","protected":false},"author":1,"featured_media":0,"parent":0,"menu_order":0,"comment_status":"closed","ping_status":"closed","template":"page-about.php","meta":[],"_links":{"self":[{"href":"https:\/\/fahrschule-komossa.com\/index.php?rest_route=\/wp\/v2\/pages\/65"}],"collection":[{"href":"https:\/\/fahrschule-komossa.com\/index.php?rest_route=\/wp\/v2\/pages"}],"about":[{"href":"https:\/\/fahrschule-komossa.com\/index.php?rest_route=\/wp\/v2\/types\/page"}],"author":[{"embeddable":true,"href":"https:\/\/fahrschule-komossa.com\/index.php?rest_route=\/wp\/v2\/users\/1"}],"replies":[{"embeddable":true,"href":"https:\/\/fahrschule-komossa.com\/index.php?rest_route=%2Fwp%2Fv2%2Fcomments&post=65"}],"version-history":[{"count":31,"href":"https:\/\/fahrschule-komossa.com\/index.php?rest_route=\/wp\/v2\/pages\/65\/revisions"}],"predecessor-version":[{"id":1390,"href":"https:\/\/fahrschule-komossa.com\/index.php?rest_route=\/wp\/v2\/pages\/65\/revisions\/1390"}],"wp:attachment":[{"href":"https:\/\/fahrschule-komossa.com\/index.php?rest_route=%2Fwp%2Fv2%2Fmedia&parent=65"}],"curies":[{"name":"wp","href":"https:\/\/api.w.org\/{rel}","templated":true}]}}